{"id":368,"date":"2022-02-17T11:46:46","date_gmt":"2022-02-17T11:46:46","guid":{"rendered":"https:\/\/coffeehumboldtecuador.com\/?page_id=368"},"modified":"2023-04-21T07:05:24","modified_gmt":"2023-04-21T07:05:24","slug":"about-us","status":"publish","type":"page","link":"https:\/\/coffeehumboldtecuador.com\/?page_id=368","title":{"rendered":"Acerca de nosotros"},"content":{"rendered":"\n<div class=\"wp-block-uagb-container uagb-block-6848fa59 alignfull uagb-is-root-container\"><div class=\"uagb-container-inner-blocks-wrap\">\n<div class=\"wp-block-uagb-container uagb-block-bead4802\">\n<h2 class=\"has-text-align-center has-ast-global-color-7-color has-text-color\">acerca de Nosotros <\/h2>\n<\/div>\n<\/div><\/div>\n\n\n\n<div class=\"wp-block-uagb-container uagb-block-0ffd5c10 alignfull uagb-is-root-container\"><div class=\"uagb-container-inner-blocks-wrap\">\n<div class=\"wp-block-uagb-container uagb-block-72e5ad21\">\n<div class=\"wp-block-uagb-advanced-heading uagb-block-f016a4a1\"><h2 class=\"uagb-heading-text\">nuestra historia<\/h2><\/div>\n<\/div>\n\n\n\n<div class=\"wp-block-uagb-container uagb-block-e1c86dd9\">\n<p>Somos una Empresa AGROINDUSTRIAL, dedicada al cultivo, procesamiento, elaboraci\u00f3n y comercializaci\u00f3n de caf\u00e9&nbsp; especie ar\u00e1bigo de especialidad; Actualmentese produce caf\u00e9 especie Ar\u00e1bigo en los procesos:&nbsp;lavado, natural y Honey, resaltando la acidez, cuerpo y&nbsp; sabores balanceados con notas florales, chocolate, nueces y caramelo, siendo reconocido y apreciado por los clientes locales, nacionales e internacionales.<\/p>\n\n\n\n<p>La Iniciativa privada COFFEE HUMBOLDT, se encuentra ubicada en Platanillos Las Lajas El Oro, dispone de un \u00e1rea de bodega, laboratorio y oficina, para realizar el proceso de producto terminado.<br>Disponemos de un local de distribuci\u00f3n a nivel nacional en la ciudad de Ambato.<\/p>\n<\/div>\n\n\n\n<div class=\"wp-block-uagb-container uagb-block-157fc144\">\n<div class=\"wp-block-uagb-info-box uagb-block-6289cf5c uagb-infobox__content-wrap  uagb-infobox-icon-left uagb-infobox-left uagb-infobox-image-valign-top\"><div class=\"uagb-ifb-icon-wrap\"><div class=\"uagb-iconbox-icon-wrap uagb-infobox-shape-circle\"><svg xmlns=\"https:\/\/www.w3.org\/2000\/svg\" viewBox=\"0 0 512 512\"><path d=\"M236 176c0 15.46-12.54 28-28 28S180 191.5 180 176S192.5 148 208 148S236 160.5 236 176zM500.3 500.3c-15.62 15.62-40.95 15.62-56.57 0l-119.7-119.7c-40.41 27.22-90.9 40.65-144.7 33.46c-91.55-12.23-166-87.28-177.6-178.9c-17.24-136.2 97.29-250.7 233.4-233.4c91.64 11.6 166.7 86.07 178.9 177.6c7.19 53.8-6.236 104.3-33.46 144.7l119.7 119.7C515.9 459.3 515.9 484.7 500.3 500.3zM294.1 182.2C294.1 134.5 255.6 96 207.1 96C160.4 96 121.9 134.5 121.9 182.2c0 38.35 56.29 108.5 77.87 134C201.8 318.5 204.7 320 207.1 320c3.207 0 6.26-1.459 8.303-3.791C237.8 290.7 294.1 220.5 294.1 182.2z\"><\/path><\/svg><\/div><\/div><div class=\"uagb-ifb-content\"><div class=\"uagb-ifb-title-wrap\"><h5 class=\"uagb-ifb-title\">Misi\u00f3n <\/h5><\/div><p class=\"uagb-ifb-desc\">Obtener desarrollo para la zona cafetalera de las Lajas y del Ecuador generando conocimiento y cultura del caf\u00e9 ESPECIE ARABIGO, a trav\u00e9s de un modelo de gesti\u00f3n responsable con el medio ambiente y sostenible a largo plazo para sus productores.\u200b<\/p><div class=\"uagb-ifb-separator\"><\/div><\/div><\/div>\n\n\n\n<div class=\"wp-block-uagb-info-box uagb-block-ab8d8371 uagb-infobox__content-wrap  uagb-infobox-icon-left uagb-infobox-left uagb-infobox-image-valign-top\"><div class=\"uagb-ifb-icon-wrap\"><div class=\"uagb-iconbox-icon-wrap uagb-infobox-shape-circle\"><svg xmlns=\"https:\/\/www.w3.org\/2000\/svg\" viewBox=\"0 0 640 512\"><path d=\"M150.7 92.77C195 58.27 251.8 32 320 32C400.8 32 465.5 68.84 512.6 112.6C559.4 156 590.7 207.1 605.5 243.7C608.8 251.6 608.8 260.4 605.5 268.3C592.1 300.6 565.2 346.1 525.6 386.7L630.8 469.1C641.2 477.3 643.1 492.4 634.9 502.8C626.7 513.2 611.6 515.1 601.2 506.9L9.196 42.89C-1.236 34.71-3.065 19.63 5.112 9.196C13.29-1.236 28.37-3.065 38.81 5.112L150.7 92.77zM223.1 149.5L313.4 220.3C317.6 211.8 320 202.2 320 191.1C320 180.5 316.1 169.7 311.6 160.4C314.4 160.1 317.2 159.1 320 159.1C373 159.1 416 202.1 416 255.1C416 269.7 413.1 282.7 407.1 294.5L446.6 324.7C457.7 304.3 464 280.9 464 255.1C464 176.5 399.5 111.1 320 111.1C282.7 111.1 248.6 126.2 223.1 149.5zM393.6 469.4L54.65 203.7C62.6 190.1 72.08 175.8 83.09 161.5L446.2 447.5C429.8 456.4 412.3 463.8 393.6 469.4V469.4zM34.46 268.3C31.74 261.8 31.27 254.5 33.08 247.8L329.2 479.8C326.1 479.9 323.1 480 320 480C239.2 480 174.5 443.2 127.4 399.4C80.62 355.1 49.34 304 34.46 268.3H34.46z\"><\/path><\/svg><\/div><\/div><div class=\"uagb-ifb-content\"><div class=\"uagb-ifb-title-wrap\"><h5 class=\"uagb-ifb-title\">Visi\u00f3n<\/h5><\/div><p class=\"uagb-ifb-desc\">Posesionar la marca \u201cCOFFEE HUMBOLDT\u201d, como un gran caf\u00e9 ar\u00e1bigo de especialidad a nivel Nacional e Internacional mediante el uso de tecnolog\u00eda de punta, con altos est\u00e1ndares de calidad de la materia prima y personal altamente calificado.<\/p><\/div><\/div>\n<\/div>\n\n\n\n<div class=\"wp-block-uagb-container uagb-block-7298db22\">\n<div class=\"wp-block-uagb-image alignleft uagb-block-28cfdbe7 wp-block-uagb-image--layout-default wp-block-uagb-image--effect-static wp-block-uagb-image--align-left uag-blocks-common-selector\" style=\"--z-index-desktop:3;;--z-index-tablet:3;;--z-index-mobile:3;\"><figure class=\"wp-block-uagb-image__figure\"><img decoding=\"async\" srcset=\"https:\/\/coffeehumboldtecuador.com\/wp-content\/uploads\/2023\/04\/Imagen-de-WhatsApp-2023-04-14-a-las-11.45.43-1024x768.jpg ,https:\/\/coffeehumboldtecuador.com\/wp-content\/uploads\/2020\/08\/inside-restaurant-topview-4.jpg 780w\" src=\"https:\/\/coffeehumboldtecuador.com\/wp-content\/uploads\/2023\/04\/Imagen-de-WhatsApp-2023-04-14-a-las-11.45.43-1024x768.jpg\" alt=\"\" class=\"uag-image-1589\" width=\"768\" height=\"576\" title=\"\" loading=\"lazy\"\/><\/figure><\/div>\n<\/div>\n<\/div><\/div>\n\n\n\n<div class=\"wp-block-uagb-container uag-blocks-common-selector uagb-block-64188cdd alignfull uagb-is-root-container\"><div class=\"uagb-container-inner-blocks-wrap\">\n<div class=\"wp-block-uagb-container uagb-block-65e94f62\">\n<div class=\"wp-block-uagb-info-box uagb-block-f91afc09 uagb-infobox__content-wrap  uagb-infobox-icon-above-title uagb-infobox-image-valign-top\"><div class=\"uagb-ifb-content\"><div class=\"uagb-ifb-title-wrap\"><h2 class=\"uagb-ifb-title\">Nuestro Producto<\/h2><\/div><p class=\"uagb-ifb-desc\">Delicioso caf\u00e9 ar\u00e1bica en grano: fragante aroma, sabor suave con matices de caramelo, chocolate y frutas. Notas de acidez equilibrada y cuerpo completo. Una experiencia \u00fanica para los amantes del caf\u00e9 de calidad.<\/p><\/div><\/div>\n<\/div>\n\n\n\n<div class=\"wp-block-uagb-container uagb-block-22c37f47\">\n<div class=\"is-layout-flex wp-container-3 wp-block-columns\">\n<div class=\"is-layout-flow wp-block-column\">\n<div class=\"wp-block-uagb-image uagb-block-a75fae8a wp-block-uagb-image--layout-default wp-block-uagb-image--effect-static wp-block-uagb-image--align-none\"><figure class=\"wp-block-uagb-image__figure\"><img decoding=\"async\" srcset=\"https:\/\/coffeehumboldtecuador.com\/wp-content\/uploads\/2023\/04\/Imagen-de-WhatsApp-2023-04-20-a-.jpg \" src=\"https:\/\/coffeehumboldtecuador.com\/wp-content\/uploads\/2023\/04\/Imagen-de-WhatsApp-2023-04-20-a-.jpg\" alt=\"\" class=\"uag-image-1712\" width=\"408\" height=\"306\" title=\"\" loading=\"lazy\"\/><\/figure><\/div>\n<\/div>\n\n\n\n<div class=\"is-layout-flow wp-block-column\">\n<div class=\"wp-block-uagb-image uagb-block-25871ef5 wp-block-uagb-image--layout-default wp-block-uagb-image--effect-static wp-block-uagb-image--align-none\"><figure class=\"wp-block-uagb-image__figure\"><img decoding=\"async\" srcset=\"https:\/\/coffeehumboldtecuador.com\/wp-content\/uploads\/2023\/04\/Imagen-de-WhatsApp-2023-03-28-a-1.jpg \" src=\"https:\/\/coffeehumboldtecuador.com\/wp-content\/uploads\/2023\/04\/Imagen-de-WhatsApp-2023-03-28-a-1.jpg\" alt=\"\" class=\"uag-image-1713\" title=\"\" loading=\"lazy\"\/><\/figure><\/div>\n<\/div>\n<\/div>\n<\/div>\n<\/div><\/div>\n\n\n\n<div class=\"wp-block-uagb-container uagb-block-976cee45 alignfull uagb-is-root-container\"><div class=\"uagb-container-inner-blocks-wrap\">\n<div class=\"wp-block-uagb-container uagb-block-2af4e169\">\n<div class=\"wp-block-uagb-advanced-heading uagb-block-5f5b729a\"><h2 class=\"uagb-heading-text\">conozca al equipo HUMBOLDT.<\/h2><\/div>\n<\/div>\n\n\n\n<div class=\"wp-block-uagb-container uagb-block-763a4e6f\">\n<p>Le damos la bienvenida a que pueda conocer al equipo detr\u00e1s de nuestra producci\u00f3n y comercializaci\u00f3n de productos de alta calidad. Nuestro equipo est\u00e1 formado por agricultores, ingenieros agr\u00f3nomos, t\u00e9cnicos especializados y administrativos, todos comprometidos con el desarrollo sostenible y la innovaci\u00f3n en la agroindustria. <\/p>\n<\/div>\n<\/div><\/div>\n\n\n\n<div class=\"inherit-container-width is-layout-constrained wp-block-group\">\n<div class=\"is-layout-flex wp-container-8 wp-block-columns\">\n<div class=\"is-layout-flow wp-block-column\">\n<div class=\"wp-block-uagb-image aligncenter uagb-block-0c792d26 wp-block-uagb-image--layout-default wp-block-uagb-image--effect-static wp-block-uagb-image--align-center\"><figure class=\"wp-block-uagb-image__figure\"><img decoding=\"async\" srcset=\"https:\/\/coffeehumboldtecuador.com\/wp-content\/uploads\/2023\/03\/fotor_2023-3-28_18_27_21-719x1024.png \" src=\"https:\/\/coffeehumboldtecuador.com\/wp-content\/uploads\/2023\/03\/fotor_2023-3-28_18_27_21-719x1024.png\" alt=\"\" class=\"uag-image-1390\" width=\"240\" height=\"342\" title=\"\" loading=\"lazy\"\/><\/figure><\/div>\n\n\n\n<div class=\"wp-block-uagb-team uagb-team__image-position-above uagb-team__align-center uagb-team__stack-tablet uagb-block-72723bac\"><div class=\"uagb-team__content\"><h3 class=\"uagb-team__title\">Angel Salvador\u00a0Jaya<\/h3><span class=\"uagb-team__prefix\">Agricultor Cafetalero<\/span><p class=\"uagb-team__desc\"><\/p><ul class=\"uagb-team__social-list\"><\/ul><\/div><\/div>\n<\/div>\n\n\n\n<div class=\"is-layout-flow wp-block-column\">\n<div class=\"wp-block-uagb-image aligncenter uagb-block-d5147f43 wp-block-uagb-image--layout-default wp-block-uagb-image--effect-static wp-block-uagb-image--align-center\"><figure class=\"wp-block-uagb-image__figure\"><img decoding=\"async\" srcset=\"https:\/\/coffeehumboldtecuador.com\/wp-content\/uploads\/2023\/04\/Imagen-de-WhatsApp-2023-04-14-a--719x1024.jpg \" src=\"https:\/\/coffeehumboldtecuador.com\/wp-content\/uploads\/2023\/04\/Imagen-de-WhatsApp-2023-04-14-a--719x1024.jpg\" alt=\"\" class=\"uag-image-1576\" width=\"241\" height=\"343\" title=\"\" loading=\"lazy\"\/><\/figure><\/div>\n\n\n\n<div class=\"wp-block-uagb-team uagb-team__image-position-above uagb-team__align-center uagb-team__stack-tablet uagb-block-12f2a3d7\"><div class=\"uagb-team__content\"><h3 class=\"uagb-team__title\">Diego Jaya Cajas<\/h3><span class=\"uagb-team__prefix\">Gerente Propietario de la Marca Coffe\u00a0Humboldt<\/span><p class=\"uagb-team__desc\"><\/p><ul class=\"uagb-team__social-list\"><\/ul><\/div><\/div>\n<\/div>\n\n\n\n<div class=\"is-layout-flow wp-block-column\">\n<div class=\"wp-block-uagb-image uagb-block-514555bb wp-block-uagb-image--layout-default wp-block-uagb-image--effect-static wp-block-uagb-image--align-none\"><figure class=\"wp-block-uagb-image__figure\"><img decoding=\"async\" srcset=\"https:\/\/coffeehumboldtecuador.com\/wp-content\/uploads\/2023\/04\/Imagen-de-WhatsApp-2023-04-13-a-las-21.19.52-768x1024.jpg \" src=\"https:\/\/coffeehumboldtecuador.com\/wp-content\/uploads\/2023\/04\/Imagen-de-WhatsApp-2023-04-13-a-las-21.19.52-768x1024.jpg\" alt=\"\" class=\"uag-image-1559\" width=\"258\" height=\"344\" title=\"\" loading=\"lazy\"\/><\/figure><\/div>\n\n\n\n<div class=\"wp-block-uagb-team uagb-team__image-position-above uagb-team__align-center uagb-team__stack-tablet uagb-block-e48edf48\"><div class=\"uagb-team__content\"><h3 class=\"uagb-team__title\">Maria Elena Narvaez<\/h3><span class=\"uagb-team__prefix\">Directora Financiera<\/span><p class=\"uagb-team__desc\"><\/p><ul class=\"uagb-team__social-list\"><\/ul><\/div><\/div>\n<\/div>\n\n\n\n<div class=\"is-layout-flow wp-block-column\">\n<div class=\"wp-block-uagb-image aligncenter uagb-block-607c74d1 wp-block-uagb-image--layout-default wp-block-uagb-image--effect-static wp-block-uagb-image--align-center\"><figure class=\"wp-block-uagb-image__figure\"><img decoding=\"async\" srcset=\"https:\/\/coffeehumboldtecuador.com\/wp-content\/uploads\/2023\/04\/Coffee-3.png \" src=\"https:\/\/coffeehumboldtecuador.com\/wp-content\/uploads\/2023\/04\/Coffee-3.png\" alt=\"\" class=\"uag-image-1480\" width=\"246\" height=\"342\" title=\"\" loading=\"lazy\"\/><\/figure><\/div>\n\n\n\n<div class=\"wp-block-uagb-team uagb-team__image-position-above uagb-team__align-center uagb-team__stack-tablet uagb-block-93ae61df\"><div class=\"uagb-team__content\"><h3 class=\"uagb-team__title\">Lissette Estefania Alvarez<\/h3><span class=\"uagb-team__prefix\">Coordinadora de mercadotecnia y publicidad<\/span><p class=\"uagb-team__desc\"><\/p><\/div><\/div>\n<\/div>\n<\/div>\n<\/div>\n","protected":false},"excerpt":{"rendered":"","protected":false},"author":1,"featured_media":0,"parent":0,"menu_order":0,"comment_status":"closed","ping_status":"closed","template":"","meta":{"_uag_custom_page_level_css":"","site-sidebar-layout":"no-sidebar","site-content-layout":"plain-container","ast-global-header-display":"","ast-main-header-display":"","ast-hfb-above-header-display":"","ast-hfb-below-header-display":"","ast-hfb-mobile-header-display":"","site-post-title":"disabled","ast-breadcrumbs-content":"","ast-featured-img":"disabled","footer-sml-layout":"","theme-transparent-header-meta":"enabled","adv-header-id-meta":"","stick-header-meta":"","header-above-stick-meta":"","header-main-stick-meta":"","header-below-stick-meta":""},"uagb_featured_image_src":{"full":false,"thumbnail":false,"medium":false,"medium_large":false,"large":false,"1536x1536":false,"2048x2048":false},"uagb_author_info":{"display_name":"ElenaNarvez","author_link":"https:\/\/coffeehumboldtecuador.com\/?author=1"},"uagb_comment_info":0,"uagb_excerpt":null,"_links":{"self":[{"href":"https:\/\/coffeehumboldtecuador.com\/index.php?rest_route=\/wp\/v2\/pages\/368"}],"collection":[{"href":"https:\/\/coffeehumboldtecuador.com\/index.php?rest_route=\/wp\/v2\/pages"}],"about":[{"href":"https:\/\/coffeehumboldtecuador.com\/index.php?rest_route=\/wp\/v2\/types\/page"}],"author":[{"embeddable":true,"href":"https:\/\/coffeehumboldtecuador.com\/index.php?rest_route=\/wp\/v2\/users\/1"}],"replies":[{"embeddable":true,"href":"https:\/\/coffeehumboldtecuador.com\/index.php?rest_route=%2Fwp%2Fv2%2Fcomments&post=368"}],"version-history":[{"count":38,"href":"https:\/\/coffeehumboldtecuador.com\/index.php?rest_route=\/wp\/v2\/pages\/368\/revisions"}],"predecessor-version":[{"id":1729,"href":"https:\/\/coffeehumboldtecuador.com\/index.php?rest_route=\/wp\/v2\/pages\/368\/revisions\/1729"}],"wp:attachment":[{"href":"https:\/\/coffeehumboldtecuador.com\/index.php?rest_route=%2Fwp%2Fv2%2Fmedia&parent=368"}],"curies":[{"name":"wp","href":"https:\/\/api.w.org\/{rel}","templated":true}]}}